d) = 2*d**2 + 16*d + 16. Let s be m(-8). Let i(n) = 2*n - 24. Let y be i(s). What is the remainder when -2*1*4/y*-37 is divided by 13?
11
Let j(o) = -6*o**3 + 4*o**2 + 7*o + 4. Let u be j(-3). Suppose 0 = 3*l - 2*l - u. Let z(h) = 4*h - 2. What is the remainder when l is divided by z(12)?
43
Let l be ((-9)/6)/(((-44)/(-8))/11). Calculate the remainder when 277 is divided by (-2 - l)*1 - -39.
37
Suppose 0 = -z - 2*w + 14 + 68, -3*z = -2*w - 230. Calculate the remainder when z is divided by 27.
24
Let i = -325 + 387. Suppose -3*w = 2*v - 43, -2*v = 2*v - 2*w - i. What is the remainder when v is divided by (3/(-5))/((-3)/45)?
8
Suppose 4*h = 14 + 26. Suppose 13*b - h*b = 654. Suppose b = 3*t + 20. Calculate the remainder when t is divided by 17.
15
What is the remainder when 5947 is divided by 4*1356/32 + 2*5/20?
167
Suppose -109*c = -44*c + 484 - 1914. Calculate the remainder when 1824 is divided by c.
20
Let z be (-2)/(-7) + (-12)/28*-74. Suppose -3*f + z = -10. What is the remainder when 304 is divided by f?
10
Suppose 5*x - 60 - 25 = 0. Let n be ((-324)/45)/(-6)*10. Let q = x + n. What is the remainder when q is divided by 17?
12
Suppose 25 = -4*d + 5*d. Calculate the remainder when d is divided by (-8 + 25)*(-16 + 17).
8
Suppose -25*k + 41*k = 32. Suppose -3*p + 1334 = p - 3*c, k*p = -5*c + 654. Calculate the remainder when p is divided by 37.
36
Let y = 140 + -139. Suppose -u + y + 66 = 0. What is the remainder when u is divided by 23?
21
Let q = -3817 + 3888. Suppose y + y - 24 = 0. Calculate the remainder when q is divided by y.
11
Let w(h) = -62*h + 2. What is the remainder when 456 is divided by w(-1)?
8
Let w = 45 + 1. Let q be 9/((-54)/5708) + 7/21. Let a = -768 - q. Calculate the remainder when a is divided by w.
45
Let o be (-42)/(-12) + 1/(-4)*2. Let v be o - 3 - -5 - 2. What is the remainder when 103 is divided by 48 + v - 3/(-3)?
51
Let a be (-2 + (-25)/5)*(-3)/1. Let w(i) = -402*i - 3. Let b be w(3). Calculate the remainder when a/(-35) - b/15 is divided by 9.
8
Calculate the remainder when 2222 is divided by 1/(14140/(-644) + 22).
14
Let x be (0/(12/(-3)))/(-2). Let l(f) = -5*f + 3*f + x*f - 4. Calculate the remainder when 4 is divided by l(-3).
0
Let t be 0 + 0 - (4 + -2 - 3). Let j be (t/2)/(6/4)*-21. Let l = -3 - j. What is the remainder when 19 is divided by l?
3
Let g = -19 + 26. Suppose -3*i + 2*v + 41 = -120, -5*i - 5*v = -260. Let l = i + -30. What is the remainder when l is divided by g?
2
Let z(d) be the second derivative of -d**4/12 - 7*d**3/3 + 11*d**2/2 + 9*d - 5. What is the remainder when 87 is divided by z(0)?
10
Suppose 0 = -3*z + 5*n + 104, -4*z + 3*n + 133 = 2*n. Suppose 0 = -12*u + 64 + 308. Calculate the remainder when z is divided by u.
2
Let d = 538 + -379. Suppose 17*g + d - 482 = 0. Calculate the remainder when 225 is divided by g.
16
Calculate the remainder when 40 is divided by (4 - -4 - 5/(-10))*2.
6
Let g be (-1519)/(-13) - (-54)/351. Suppose g - 997 = -4*s. What is the remainder when s is divided by 46?
36
Let j(d) be the third derivative of 1/60*d**5 + 5/24*d**4 + 0*d + 11/3*d**3 + 0 - 29*d**2. What is the remainder when j(-9) is divided by 10?
8
Let t = -1 + 32. Suppose 3*d = 4*s + t + 1, 5*d - 44 = 2*s. Suppose d*m - 4*m = 92. What is the remainder when m is divided by 13?
10
Let c(z) = -746*z + 4647. What is the remainder when c(6) is divided by (-3)/9 + 98/6?
11
Let n(b) be the third derivative of b**6/120 - 3*b**5/20 - b**4/2 - 47*b**3/6 - 13*b**2 + 5*b. What is the remainder when n(11) is divided by 30?
3
Suppose -4 = 4*a + 8*k - 3*k, 0 = k + 4. Suppose -663 = -5*h - 4*m, 3*h - 6*h - a*m + 401 = 0. Calculate the remainder when h is divided by 15.
11
Let x be ((-474)/18)/((-1)/3) + -4. Suppose 504 = 3*n + x. Calculate the remainder when n is divided by 36.
35
What is the remainder when (-92278)/(-185) - (-5)/25 is divided by 1?
0
Suppose -5*d = 4*f - 2*d - 47, 3*f + 2*d = 34. Suppose -159*k + 157*k + f = 0. Let h = -8 - -19. What is the remainder when h is divided by k?
3
Let j(p) = -p**2 + 11*p - 14. Let g be j(5). Suppose -222 + 1134 = g*b. Calculate the remainder when b is divided by 20.
17
Let t be (-9 - (-78)/8) + 5829/4. Suppose 5*x + t = 23*x. Calculate the remainder when x is divided by 3.
0
Let h = 24 + -19. What is the remainder when (-3)/42*-76*(-602)/(-172) is divided by h?
4
Let m be -3 - (-174)/54 - 25/(-9). Let o be m/(1 - 40/55). What is the remainder when 25 is divided by o/(33/18) - -2?
1
Let k(b) = 2*b. Let f(y) = 67*y + 5. Let v(g) = -f(g) + 4*k(g). Let m be v(-1). Suppose -156*r + m = -154*r. What is the remainder when r is divided by 4?
3
Suppose -61*g - 2841 + 889 = 0. Suppose 4*x - 14 + 94 = 0. Let n = x - g. Calculate the remainder when 20 is divided by n.
8
Suppose -t + 83 = p, -4*t = 5*p + 62 - 389. Let w = 101 - t. Let u = 6 + 15. Calculate the remainder when u is divided by w.
8
Suppose 5*c - 9 = 61. Suppose 156 = c*z + 30. What is the remainder when 61 is divided by z?
7
Let k(r) = -3 - 13 - 9*r + 6 + 3. What is the remainder when k(-11) is divided by 24?
20
Let v(i) = 2*i**2 + 12*i + 2. Let f be v(-5). Calculate the remainder when 73 is divided by (-166)/f + 2 - (-19)/76.
4
What is the remainder when 5477 is divided by ((-9)/(-4))/((-3)/(-44))*(-27 + 28)?
32
Let q = 46406 - 43925. Calculate the remainder when q is divided by 93.
63
Suppose -25*m = -8749 - 27526. What is the remainder when m is divided by 11?
10
Let g be 6 + (-9)/3 + -3. Suppose 12*o - 355 + 127 = g. What is the remainder when o is divided by 13?
6
Let t(n) = -209*n - 21. Let m(o) = 104*o + 10. Let v(u) = 5*m(u) + 3*t(u). Suppose 4*c - 21 = 75. What is the remainder when v(-1) is divided by c?
22
Suppose -2*z = r - 39, z + r + 14 = 35. Suppose -21*q = -7976 - 1369. Suppose 4*g = 8, -q = -3*o - 2*o - 5*g. What is the remainder when o is divided by z?
15
Suppose 0 = k + 2*p - 420, 4*k - 1005 = -4*p + 699. What is the remainder when k is divided by 224?
208
What is the remainder when 738 is divided by (1 - 6) + (-3 - (6 + 38)/(-2))?
10
Suppose 0 = -22*a - 5010 + 36954. Suppose 5*j - 33 = -2*d, -33 = -5*d + j + 90. Calculate the remainder when (2/(-6))/((-11)/a) is divided by d.
20
Suppose 525*m - 80 = 533*m. Calculate the remainder when 134 is divided by 17 - 8*5/m - 4.
15
Let s(a) = 15*a**3 - 929*a**2 - 43*a - 25. Calculate the remainder when s(62) is divided by 170.
133
Suppose 0 = j - 108 + 23. Suppose 21*t - 24*t = 3*c - 1764, 0 = -5*t - 20. What is the remainder when c is divided by j?
82
Suppose 0 = -113661*a + 113644*a + 323. Calculate the remainder when 1817 is divided by a.
12
Suppose -849 = -43*j + 3967. Let a = j - 110. What is the remainder when 9 is divided by a?
1
Let a(u) be the third derivative of u**4/24 + 7*u**3/2 + 17*u**2. Let l be a(-21). Suppose -4*h + 37 - 1 = l. What is the remainder when 60 is divided by h?
6
Let t = -40 - -32. Let x(m) = -m**3 - 7*m**2 + 10*m + 3. Let k be x(t). Let n(j) = j + 61. Calculate the remainder when 191 is divided by n(k).
47
Let k(a) = -a**2 - a + 11. Let z = -49 + 26. Let i = z + 23. Calculate the remainder when 28 is divided by k(i).
6
Suppose -2*i + 26 - 2 = 0. Let b = i - -17. What is the remainder when -7 - 5/((-35)/623) is divided by b?
24
What is the remainder when 6435 is divided by 18 + (-5168)/289 + 181465/85?
30
Suppose 362*b - 886616 = 210*b. Calculate the remainder when b is divided by 3.
1
Let f = 4987 + -4898. Calculate the remainder when 596 is divided by f.
62
Suppose 2*v - 5*v = -48. Let l = -10476 + 10491. What is the remainder when v/6*(34 - 1) is divided by l?
13
Suppose -15*n = 0, t + 0*n = -3*n + 4948. What is the remainder when t is divided by 18?
16
Suppose -9*y + 11*y = -4*a + 68, 4*y = -3*a + 56. Suppose 12*l + 192 = a*l. Calculate the remainder when 189 is divided by l.
45
Suppose 0 = -27*n + 15 + 120. Suppose 0 = -2*s + 7 + 15. Suppose n*a - s = 69. What is the remainder when 78 is divided by a?
14
Suppose -5*q - 145 = -2*r, 3*r - 85*q = -82*q + 195. What is the remainder when 2396 is divided by r?
56
Suppose 0 = -243*d + 261*d - 5214 + 408. Calculate the remainder when 1879 is divided by d.
10
Let u = 56 + -65. Let j = 11 + u. Suppose -j*b = -10, -4*i + 4*b + 74 = -6. What is the remainder when 48 is divided by 